{"id":385,"date":"2022-02-20T13:52:28","date_gmt":"2022-02-20T13:52:28","guid":{"rendered":"https:\/\/www.newconceptnanny.com\/?page_id=385"},"modified":"2022-04-26T14:43:07","modified_gmt":"2022-04-26T14:43:07","slug":"saber-mas","status":"publish","type":"page","link":"https:\/\/www.newconceptnanny.com\/index.php\/sleep-coach\/saber-mas\/","title":{"rendered":"SABER M\u00c1S"},"content":{"rendered":"\t\t<div data-elementor-type=\"wp-page\" data-elementor-id=\"385\" class=\"elementor elementor-385\">\n\t\t\t\t\t\t\t\t\t<section class=\"elementor-section elementor-top-section elementor-element elementor-element-54cb3ab elementor-section-boxed elementor-section-height-default elementor-section-height-default\" data-id=\"54cb3ab\" data-element_type=\"section\">\n\t\t\t\t\t\t<div class=\"elementor-container elementor-column-gap-no\">\n\t\t\t\t\t<div class=\"elementor-column elementor-col-100 elementor-top-column elementor-element elementor-element-6ebb9b0\" data-id=\"6ebb9b0\" data-element_type=\"column\">\n\t\t\t<div class=\"elementor-widget-wrap elementor-element-populated\">\n\t\t\t\t\t\t\t\t<div class=\"elementor-element elementor-element-8793697 elementor-widget elementor-widget-image\" data-id=\"8793697\" data-element_type=\"widget\" data-widget_type=\"image.default\">\n\t\t\t\t<div class=\"elementor-widget-container\">\n\t\t\t\t\t\t\t\t\t\t\t\t\t\t\t<img loading=\"lazy\" decoding=\"async\" width=\"1024\" height=\"402\" src=\"https:\/\/www.newconceptnanny.com\/wp-content\/uploads\/2022\/03\/planificacion-maternidad-e1648578508832-1024x402.png\" class=\"attachment-large size-large wp-image-1647\" alt=\"\" srcset=\"https:\/\/www.newconceptnanny.com\/wp-content\/uploads\/2022\/03\/planificacion-maternidad-e1648578508832-1024x402.png 1024w, https:\/\/www.newconceptnanny.com\/wp-content\/uploads\/2022\/03\/planificacion-maternidad-e1648578508832-300x118.png 300w, https:\/\/www.newconceptnanny.com\/wp-content\/uploads\/2022\/03\/planificacion-maternidad-e1648578508832-768x301.png 768w, https:\/\/www.newconceptnanny.com\/wp-content\/uploads\/2022\/03\/planificacion-maternidad-e1648578508832.png 1200w\" sizes=\"auto, (max-width: 1024px) 100vw, 1024px\" \/>\t\t\t\t\t\t\t\t\t\t\t\t\t\t\t<\/div>\n\t\t\t\t<\/div>\n\t\t\t\t\t<\/div>\n\t\t<\/div>\n\t\t\t\t\t\t\t<\/div>\n\t\t<\/section>\n\t\t\t\t<section class=\"elementor-section elementor-top-section elementor-element elementor-element-dd6ce5a elementor-section-boxed elementor-section-height-default elementor-section-height-default\" data-id=\"dd6ce5a\" data-element_type=\"section\">\n\t\t\t\t\t\t<div class=\"elementor-container elementor-column-gap-default\">\n\t\t\t\t\t<div class=\"elementor-column elementor-col-33 elementor-top-column elementor-element elementor-element-a782137\" data-id=\"a782137\" data-element_type=\"column\">\n\t\t\t<div class=\"elementor-widget-wrap elementor-element-populated\">\n\t\t\t\t\t\t\t\t<div class=\"elementor-element elementor-element-13dfaf6 elementor-position-top elementor-vertical-align-top elementor-widget elementor-widget-image-box\" data-id=\"13dfaf6\" data-element_type=\"widget\" data-widget_type=\"image-box.default\">\n\t\t\t\t<div class=\"elementor-widget-container\">\n\t\t\t<div class=\"elementor-image-box-wrapper\"><figure class=\"elementor-image-box-img\"><img decoding=\"async\" src=\"https:\/\/www.newconceptnanny.com\/wp-content\/uploads\/2022\/03\/49714D1B-A59E-44FA-8951-B0A9B516D27D.png\" title=\"49714D1B-A59E-44FA-8951-B0A9B516D27D\" alt=\"49714D1B-A59E-44FA-8951-B0A9B516D27D\" loading=\"lazy\" \/><\/figure><div class=\"elementor-image-box-content\"><p class=\"elementor-image-box-description\">A trav\u00e9s de un formulario de preguntas podremos conocer y analizar los h\u00e1bitos y rutinas de sue\u00f1o de vuestra familia y de vuestro hijo\/a y tambi\u00e9n conoceremos vuestros objetivos.<\/p><\/div><\/div>\t\t<\/div>\n\t\t\t\t<\/div>\n\t\t\t\t\t<\/div>\n\t\t<\/div>\n\t\t\t\t<div class=\"elementor-column elementor-col-33 elementor-top-column elementor-element elementor-element-a4751db\" data-id=\"a4751db\" data-element_type=\"column\">\n\t\t\t<div class=\"elementor-widget-wrap elementor-element-populated\">\n\t\t\t\t\t\t\t\t<div class=\"elementor-element elementor-element-c82ab9e elementor-position-top elementor-vertical-align-top elementor-widget elementor-widget-image-box\" data-id=\"c82ab9e\" data-element_type=\"widget\" data-widget_type=\"image-box.default\">\n\t\t\t\t<div class=\"elementor-widget-container\">\n\t\t\t<div class=\"elementor-image-box-wrapper\"><figure class=\"elementor-image-box-img\"><img decoding=\"async\" src=\"https:\/\/www.newconceptnanny.com\/wp-content\/uploads\/2022\/03\/3C2281B4-A63B-4CCD-B630-84DB4B80B37A.png\" title=\"3C2281B4-A63B-4CCD-B630-84DB4B80B37A\" alt=\"3C2281B4-A63B-4CCD-B630-84DB4B80B37A\" loading=\"lazy\" \/><\/figure><div class=\"elementor-image-box-content\"><p class=\"elementor-image-box-description\">Realizaremos un estudio detallado de vuestro caso teniendo en cuenta las necesidades de vuestro hijo\/a y las vuestras. Posteriormente dise\u00f1aremos un plan de sue\u00f1o personalizado adapt\u00e1ndonos a ellas y a vuestros objetivos. Concretaremos una consulta para explicaros el plan y para resolver las posibles dudas.<\/p><\/div><\/div>\t\t<\/div>\n\t\t\t\t<\/div>\n\t\t\t\t\t<\/div>\n\t\t<\/div>\n\t\t\t\t<div class=\"elementor-column elementor-col-33 elementor-top-column elementor-element elementor-element-03cd020\" data-id=\"03cd020\" data-element_type=\"column\">\n\t\t\t<div class=\"elementor-widget-wrap elementor-element-populated\">\n\t\t\t\t\t\t\t\t<div class=\"elementor-element elementor-element-1f7228b elementor-position-top elementor-vertical-align-top elementor-widget elementor-widget-image-box\" data-id=\"1f7228b\" data-element_type=\"widget\" data-widget_type=\"image-box.default\">\n\t\t\t\t<div class=\"elementor-widget-container\">\n\t\t\t<div class=\"elementor-image-box-wrapper\"><figure class=\"elementor-image-box-img\"><img decoding=\"async\" src=\"https:\/\/www.newconceptnanny.com\/wp-content\/uploads\/2022\/03\/0C520BCD-2A66-4013-9331-3B449C58489A.png\" title=\"0C520BCD-2A66-4013-9331-3B449C58489A\" alt=\"0C520BCD-2A66-4013-9331-3B449C58489A\" loading=\"lazy\" \/><\/figure><div class=\"elementor-image-box-content\"><p class=\"elementor-image-box-description\">\u00a1Iniciaremos el plan! Durante el entrenamiento tendremos contacto diario a trav\u00e9s de correo electr\u00f3nico o de llamadas, con el fin de que pod\u00e1is recibir el soporte y apoyo necesario durante todo el proceso.<\/p><\/div><\/div>\t\t<\/div>\n\t\t\t\t<\/div>\n\t\t\t\t\t<\/div>\n\t\t<\/div>\n\t\t\t\t\t\t\t<\/div>\n\t\t<\/section>\n\t\t\t\t\t\t\t<\/div>\n\t\t","protected":false},"excerpt":{"rendered":"<p>A trav\u00e9s de un formulario de preguntas podremos conocer y analizar los h\u00e1bitos y rutinas de sue\u00f1o de vuestra familia y de vuestro hijo\/a y tambi\u00e9n conoceremos vuestros objetivos. Realizaremos un estudio detallado de vuestro caso teniendo en cuenta las necesidades de vuestro hijo\/a y las vuestras. Posteriormente dise\u00f1aremos un plan de sue\u00f1o personalizado adapt\u00e1ndonos &hellip;<\/p>\n<p class=\"read-more\"> <a class=\"\" href=\"https:\/\/www.newconceptnanny.com\/index.php\/sleep-coach\/saber-mas\/\"> <span class=\"screen-reader-text\">SABER M\u00c1S<\/span> Leer m\u00e1s &raquo;<\/a><\/p>\n","protected":false},"author":1,"featured_media":0,"parent":16,"menu_order":0,"comment_status":"closed","ping_status":"closed","template":"","meta":{"site-sidebar-layout":"no-sidebar","site-content-layout":"page-builder","ast-main-header-display":"","ast-hfb-above-header-display":"","ast-hfb-below-header-display":"","ast-hfb-mobile-header-display":"","site-post-title":"disabled","ast-breadcrumbs-content":"","ast-featured-img":"disabled","footer-sml-layout":"","theme-transparent-header-meta":"","adv-header-id-meta":"","stick-header-meta":"","header-above-stick-meta":"","header-main-stick-meta":"","header-below-stick-meta":"","footnotes":""},"class_list":["post-385","page","type-page","status-publish","hentry"],"_links":{"self":[{"href":"https:\/\/www.newconceptnanny.com\/index.php\/wp-json\/wp\/v2\/pages\/385","targetHints":{"allow":["GET"]}}],"collection":[{"href":"https:\/\/www.newconceptnanny.com\/index.php\/wp-json\/wp\/v2\/pages"}],"about":[{"href":"https:\/\/www.newconceptnanny.com\/index.php\/wp-json\/wp\/v2\/types\/page"}],"author":[{"embeddable":true,"href":"https:\/\/www.newconceptnanny.com\/index.php\/wp-json\/wp\/v2\/users\/1"}],"replies":[{"embeddable":true,"href":"https:\/\/www.newconceptnanny.com\/index.php\/wp-json\/wp\/v2\/comments?post=385"}],"version-history":[{"count":29,"href":"https:\/\/www.newconceptnanny.com\/index.php\/wp-json\/wp\/v2\/pages\/385\/revisions"}],"predecessor-version":[{"id":2112,"href":"https:\/\/www.newconceptnanny.com\/index.php\/wp-json\/wp\/v2\/pages\/385\/revisions\/2112"}],"up":[{"embeddable":true,"href":"https:\/\/www.newconceptnanny.com\/index.php\/wp-json\/wp\/v2\/pages\/16"}],"wp:attachment":[{"href":"https:\/\/www.newconceptnanny.com\/index.php\/wp-json\/wp\/v2\/media?parent=385"}],"curies":[{"name":"wp","href":"https:\/\/api.w.org\/{rel}","templated":true}]}}